{"id":2984,"date":"2024-08-19T10:00:41","date_gmt":"2024-08-19T08:00:41","guid":{"rendered":"http:\/\/test\/?post_type=cpt_portfolio&#038;p=2984"},"modified":"2024-09-09T12:29:33","modified_gmt":"2024-09-09T10:29:33","slug":"air-starts-festival","status":"publish","type":"cpt_portfolio","link":"https:\/\/thegate-festival.com\/es\/portfolio\/air-starts-festival\/","title":{"rendered":"AIR S+T+ARTS FestivaL"},"content":{"rendered":"<figure class=\"wp-block-image size-large\"><img fetchpriority=\"high\" decoding=\"async\" width=\"1024\" height=\"435\" src=\"https:\/\/thegate-festival.com\/wp-content\/uploads\/2020\/05\/theGate-starts-air-logo-01-1024x435.jpg\" alt=\"\" class=\"wp-image-21660\" srcset=\"https:\/\/thegate-festival.com\/wp-content\/uploads\/2020\/05\/theGate-starts-air-logo-01-1024x435.jpg 1024w, https:\/\/thegate-festival.com\/wp-content\/uploads\/2020\/05\/theGate-starts-air-logo-01-300x127.jpg 300w, https:\/\/thegate-festival.com\/wp-content\/uploads\/2020\/05\/theGate-starts-air-logo-01-768x326.jpg 768w, https:\/\/thegate-festival.com\/wp-content\/uploads\/2020\/05\/theGate-starts-air-logo-01-1536x652.jpg 1536w, https:\/\/thegate-festival.com\/wp-content\/uploads\/2020\/05\/theGate-starts-air-logo-01-370x157.jpg 370w, https:\/\/thegate-festival.com\/wp-content\/uploads\/2020\/05\/theGate-starts-air-logo-01-840x357.jpg 840w, https:\/\/thegate-festival.com\/wp-content\/uploads\/2020\/05\/theGate-starts-air-logo-01-410x174.jpg 410w, https:\/\/thegate-festival.com\/wp-content\/uploads\/2020\/05\/theGate-starts-air-logo-01.jpg 1920w\" sizes=\"(max-width: 1024px) 100vw, 1024px\" \/><\/figure>\n\n\n\n<p>En la sociedad actual, en r\u00e1pida evoluci\u00f3n y liderada por la ciencia, es fundamental establecer conexiones significativas entre la ciencia, la tecnolog\u00eda y el arte. El AIR Festival es un evento innovador que presenta el trabajo visionario de 10 artistas internacionales en colaboraci\u00f3n con cient\u00edficos que exploran dos temas clave: ecosistemas urbanos resilientes entre especies y las interacciones entre los humanos y la IA, ofreciendo as\u00ed perspectivas innovadoras y art\u00edsticas que moldean futuros sostenibles.<\/p>\n\n\n\n<p>El festival est\u00e1 organizado en el marco del proyecto S+T+ARTS AIR y tendr\u00e1 lugar el<strong>\u00a0October 26th to 27th 2024, in Badalona (Barcelona)<\/strong>.<\/p>\n\n\n\n<p>This two-day event will showcase the work of the resident artists and provide a unique platform for dialogue and exchange between different fields of expertise around\u00a0the complex and multifaceted concept of air\u2014its significance, its impact, and its potential to inspire change.<\/p>\n\n\n\n<div class=\"wp-block-columns is-layout-flex wp-container-core-columns-is-layout-9d6595d7 wp-block-columns-is-layout-flex\">\n<div class=\"wp-block-column is-layout-flow wp-block-column-is-layout-flow\">\n<h5 class=\"wp-block-heading\"><a href=\"https:\/\/starts.eu\/what-we-do\/residences\/air-2\/meet-the-artists\/\" target=\"_blank\" rel=\"noreferrer noopener\">MEET THE artists<\/a><\/h5>\n\n\n\n<p>The AIR Festival is designed for the audience to experience how&nbsp;these artists are pushing the boundaries of creativity,&nbsp;merging art with science and technology to tackle some of today\u2019s most pressing environmental and societal issues. Through their work, they aim to make the unseen visible, bridging the gap between human experiences and the natural and technological worlds.<\/p>\n\n\n\n<p>El evento ofrece la posibilidad de:<\/p>\n\n\n\n<ul class=\"wp-block-list\">\n<li><strong>Experimentar la innovaci\u00f3n.<\/strong><\/li>\n<\/ul>\n\n\n\n<p><em>Sum\u00e9rgete en las exposiciones como resultado de una fusi\u00f3n de arte y ciencia que trasciende los l\u00edmites entre disciplinas, presentando ideas vanguardistas y conceptos visionarios que tratan los retos del futuro.<\/em><\/p>\n\n\n\n<ul class=\"wp-block-list\">\n<li><strong>Ser parte activa de experimentos artisticocient\u00edficos.<\/strong><\/li>\n<\/ul>\n\n\n\n<p><em>Participa, interact\u00faa y juega un papel clave en las innovadoras colaboraciones donde arte y ciencia convergen.<\/em><em>Las muestras te permitir\u00e1n experimentar de primera mano las novedosas soluciones artisticocient\u00edficas sobre el tema del aire de la mano de 10 artistas internacionales junto con investigadores cient\u00edficos y tecnol\u00f3gicos.<\/em><\/p>\n\n\n\n<ul class=\"wp-block-list\">\n<li><strong>Formar parte del vibrante ecosistema que anticipa el futuro.<\/strong><\/li>\n<\/ul>\n\n\n\n<p><em>Forma parte de una comunidad din\u00e1mica vanguardista que anticipa y moldea las tendencias futuras contribuyendo a un ambiente innovador y contempor\u00e1neo.<\/em><\/p>\n\n\n\n<p><strong>Conoce a los socios del AIR Festival<\/strong><\/p>\n\n\n\n<p>The AIR Festival is&nbsp;organised&nbsp;by Fundaci\u00f3n \u00c9pica La Fura dels Baus in collaboration with other seven consortium partners from five EU countries. The S+T+ARTS Regional Centers act as catalysts for artistic experiments, residencies, knowledge transfer sessions, workshops, and the production of the AIR festival.&nbsp;<\/p>\n\n\n\n<p>Conoce a los socios dedicados a fomentar la innovaci\u00f3n impulsada por el arte:<\/p>\n\n\n\n<ul class=\"wp-block-list\">\n<li><a href=\"https:\/\/www.hlrs.de\/\"><u>High-Performance Computing Center Stuttgart<\/u><\/a>, Alemania<\/li>\n\n\n\n<li><a href=\"https:\/\/www.bsc.es\/\"><u>Barcelona Supercomputing Center<\/u><\/a>, Espa\u00f1a<\/li>\n\n\n\n<li><a href=\"https:\/\/www.pina.si\/en\/home\/\"><u>Association for Culture and Education PiNA<\/u><\/a>, Eslovenia<\/li>\n\n\n\n<li><a href=\"https:\/\/fundacionepica.org\/\"><u>Fundaci\u00f3n \u00c9pica La Fura dels Baus<\/u><\/a>, Espa\u00f1a<\/li>\n\n\n\n<li><a href=\"https:\/\/www.in4art.eu\/\"><u>In4Art<\/u><\/a>, Holanda<\/li>\n\n\n\n<li><a href=\"https:\/\/csl.sony.it\/\"><u>Sony Computer Science Laboratories \u2013 Rome<\/u><\/a>, Italia<\/li>\n\n\n\n<li><a href=\"https:\/\/www.rcrarquitectes.es\/\"><u>RCR LAB\u00b7A<\/u><\/a>, Espa\u00f1a<\/li>\n\n\n\n<li><a href=\"https:\/\/www.msc-bw.com\/\"><u>The Media Solution Center Baden W\u00fcrttemberg e.V.<\/u><\/a>, Alemania<\/li>\n<\/ul>\n\n\n\n<p><a href=\"https:\/\/starts.eu\/what-we-do\/residences\/air-2\/\"><u>M\u00e1s informaci\u00f3n sobre el proyecto AIR S+T+ARTS&nbsp;<\/u><\/a><\/p>\n<\/div>\n<\/div>","protected":false},"excerpt":{"rendered":"<p>In today\u2019s rapidly evolving, science-driven society, the need for meaningful connections between science, technology, and&hellip;<\/p>","protected":false},"author":1,"featured_media":21660,"comment_status":"closed","ping_status":"closed","template":"","cpt_portfolio_group":[207],"class_list":["post-2984","cpt_portfolio","type-cpt_portfolio","status-publish","has-post-thumbnail","hentry","cpt_portfolio_group-singers"],"_links":{"self":[{"href":"https:\/\/thegate-festival.com\/es\/wp-json\/wp\/v2\/cpt_portfolio\/2984","targetHints":{"allow":["GET"]}}],"collection":[{"href":"https:\/\/thegate-festival.com\/es\/wp-json\/wp\/v2\/cpt_portfolio"}],"about":[{"href":"https:\/\/thegate-festival.com\/es\/wp-json\/wp\/v2\/types\/cpt_portfolio"}],"author":[{"embeddable":true,"href":"https:\/\/thegate-festival.com\/es\/wp-json\/wp\/v2\/users\/1"}],"replies":[{"embeddable":true,"href":"https:\/\/thegate-festival.com\/es\/wp-json\/wp\/v2\/comments?post=2984"}],"version-history":[{"count":2,"href":"https:\/\/thegate-festival.com\/es\/wp-json\/wp\/v2\/cpt_portfolio\/2984\/revisions"}],"predecessor-version":[{"id":21923,"href":"https:\/\/thegate-festival.com\/es\/wp-json\/wp\/v2\/cpt_portfolio\/2984\/revisions\/21923"}],"wp:featuredmedia":[{"embeddable":true,"href":"https:\/\/thegate-festival.com\/es\/wp-json\/wp\/v2\/media\/21660"}],"wp:attachment":[{"href":"https:\/\/thegate-festival.com\/es\/wp-json\/wp\/v2\/media?parent=2984"}],"wp:term":[{"taxonomy":"cpt_portfolio_group","embeddable":true,"href":"https:\/\/thegate-festival.com\/es\/wp-json\/wp\/v2\/cpt_portfolio_group?post=2984"}],"curies":[{"name":"wp","href":"https:\/\/api.w.org\/{rel}","templated":true}]}}

<figure class="wp-block-image size-large"><img fetchpriority="high" decoding="async" width="1024" height="435" src="https://thegate-festival.com/wp-content/uploads/2020/05/theGate-starts-air-logo-01-1024x435.jpg" alt="" class="wp-image-21660" srcset="https://thegate-festival.com/wp-content/uploads/2020/05/theGate-starts-air-logo-01-1024x435.jpg 1024w, https://thegate-festival.com/wp-content/uploads/2020/05/theGate-starts-air-logo-01-300x127.jpg 300w, https://thegate-festival.com/wp-content/uploads/2020/05/theGate-starts-air-logo-01-768x326.jpg 768w, https://thegate-festival.com/wp-content/uploads/2020/05/theGate-starts-air-logo-01-1536x652.jpg 1536w, https://thegate-festival.com/wp-content/uploads/2020/05/theGate-starts-air-logo-01-370x157.jpg 370w, https://thegate-festival.com/wp-content/uploads/2020/05/theGate-starts-air-logo-01-840x357.jpg 840w, https://thegate-festival.com/wp-content/uploads/2020/05/theGate-starts-air-logo-01-410x174.jpg 410w, https://thegate-festival.com/wp-content/uploads/2020/05/theGate-starts-air-logo-01.jpg 1920w" sizes="(max-width: 1024px) 100vw, 1024px" /></figure>



<p>En la sociedad actual, en rápida evolución y liderada por la ciencia, es fundamental establecer conexiones significativas entre la ciencia, la tecnología y el arte. El AIR Festival es un evento innovador que presenta el trabajo visionario de 10 artistas internacionales en colaboración con científicos que exploran dos temas clave: ecosistemas urbanos resilientes entre especies y las interacciones entre los humanos y la IA, ofreciendo así perspectivas innovadoras y artísticas que moldean futuros sostenibles.</p>



<p>El festival está organizado en el marco del proyecto S+T+ARTS AIR y tendrá lugar el<strong> October 26th to 27th 2024, in Badalona (Barcelona)</strong>.</p>



<p>This two-day event will showcase the work of the resident artists and provide a unique platform for dialogue and exchange between different fields of expertise around the complex and multifaceted concept of air—its significance, its impact, and its potential to inspire change.</p>



<div class="wp-block-columns is-layout-flex wp-container-core-columns-is-layout-9d6595d7 wp-block-columns-is-layout-flex">
<div class="wp-block-column is-layout-flow wp-block-column-is-layout-flow">
<h5 class="wp-block-heading"><a href="https://starts.eu/what-we-do/residences/air-2/meet-the-artists/" target="_blank" rel="noreferrer noopener">MEET THE artists</a></h5>



<p>The AIR Festival is designed for the audience to experience how&nbsp;these artists are pushing the boundaries of creativity,&nbsp;merging art with science and technology to tackle some of today’s most pressing environmental and societal issues. Through their work, they aim to make the unseen visible, bridging the gap between human experiences and the natural and technological worlds.</p>



<p>El evento ofrece la posibilidad de:</p>



<ul class="wp-block-list">
<li><strong>Experimentar la innovación.</strong></li>
</ul>



<p><em>Sumérgete en las exposiciones como resultado de una fusión de arte y ciencia que trasciende los límites entre disciplinas, presentando ideas vanguardistas y conceptos visionarios que tratan los retos del futuro.</em></p>



<ul class="wp-block-list">
<li><strong>Ser parte activa de experimentos artisticocientíficos.</strong></li>
</ul>



<p><em>Participa, interactúa y juega un papel clave en las innovadoras colaboraciones donde arte y ciencia convergen.</em><em>Las muestras te permitirán experimentar de primera mano las novedosas soluciones artisticocientíficas sobre el tema del aire de la mano de 10 artistas internacionales junto con investigadores científicos y tecnológicos.</em></p>



<ul class="wp-block-list">
<li><strong>Formar parte del vibrante ecosistema que anticipa el futuro.</strong></li>
</ul>



<p><em>Forma parte de una comunidad dinámica vanguardista que anticipa y moldea las tendencias futuras contribuyendo a un ambiente innovador y contemporáneo.</em></p>



<p><strong>Conoce a los socios del AIR Festival</strong></p>



<p>The AIR Festival is&nbsp;organised&nbsp;by Fundación Épica La Fura dels Baus in collaboration with other seven consortium partners from five EU countries. The S+T+ARTS Regional Centers act as catalysts for artistic experiments, residencies, knowledge transfer sessions, workshops, and the production of the AIR festival.&nbsp;</p>



<p>Conoce a los socios dedicados a fomentar la innovación impulsada por el arte:</p>



<ul class="wp-block-list">
<li><a href="https://www.hlrs.de/"><u>High-Performance Computing Center Stuttgart</u></a>, Alemania</li>



<li><a href="https://www.bsc.es/"><u>Barcelona Supercomputing Center</u></a>, España</li>



<li><a href="https://www.pina.si/en/home/"><u>Association for Culture and Education PiNA</u></a>, Eslovenia</li>



<li><a href="https://fundacionepica.org/"><u>Fundación Épica La Fura dels Baus</u></a>, España</li>



<li><a href="https://www.in4art.eu/"><u>In4Art</u></a>, Holanda</li>



<li><a href="https://csl.sony.it/"><u>Sony Computer Science Laboratories – Rome</u></a>, Italia</li>



<li><a href="https://www.rcrarquitectes.es/"><u>RCR LAB·A</u></a>, España</li>



<li><a href="https://www.msc-bw.com/"><u>The Media Solution Center Baden Württemberg e.V.</u></a>, Alemania</li>
</ul>



<p><a href="https://starts.eu/what-we-do/residences/air-2/"><u>Más información sobre el proyecto AIR S+T+ARTS&nbsp;</u></a></p>
</div>
</div>
